ppose -10*o + h = -6*o. What are the prime factors of o?
2, 11
Let z(d) = d**2 + 2*d. Let p be z(-2). Suppose -10 = -4*n + 5*q, -4*n + p*q + 2 = -q. Suppose n = 2*a - 0*a - 96. What are the prime factors of a?
2, 3
Let v(n) = n**3 - 4*n**2 + 3*n + 3. Let z be v(4). Suppose 3*j - 33 = z. What are the prime factors of j?
2
Let b = 34 - -147. List the prime factors of b.
181
Suppose 7 = -m + 10. Suppose 0 = o + 2*y + m, -5*o = -y + 3*y - 9. List the prime factors of (-24)/(-18)*o/2.
2
Let v(t) = 579*t - 2. What are the prime factors of v(1)?
577
Let b(v) = -v**2 + 8*v - 10. Let i be 2*8/(4/1). List the prime factors of b(i).
2, 3
Suppose -2*h - l = -102, -h + 46 = -4*l + 2*l. What are the prime factors of 57*h/21 - 6/(-21)?
2, 17
Let g(i) = 18*i - 110. List the prime factors of g(10).
2, 5, 7
List the prime factors of -4*(-4788)/6*1.
2, 3, 7, 19
Let s = -38 - -60. List the prime factors of (1 - 0)/(s/1738).
79
Suppose -2*o - 80 = 3*o. Let a(j) = -7*j + 7. Let r be a(-4). Let k = r + o. What are the prime factors of k?
19
Suppose 3*g - 2*z - 2219 = 36, -5 = 5*z. List the prime factors of g.
751
Let h be -3 - -92*(2 + 0 + 0). List the prime factors of (1 - 2) + (h - 21).
3, 53
Suppose 5*v + 20 = 60. Let y(u) = 2*u - 12. Let g be y(v). Suppose 0 = 4*t + l - g*l - 124, -12 = -3*l. What are the prime factors of t?
2, 17
Suppose 11*u = 8*u + 15. List the prime factors of 788/u + 27/(-45).
157
Suppose -44 + 38 = -6*u. Let d(y) = 21*y**3 - 1 + 2*y**2 - 2*y + 2*y. What are the prime factors of d(u)?
2, 11
Suppose 43*a - 4656 = 31*a. List the prime factors of a.
2, 97
Let l(w) = w**2 - 2*w - 6. Let z be l(-4). What are the prime factors of (-24)/z + 236/6?
2, 19
Let a(s) = -9*s + 64. Let w be a(9). Let q = w - -149. List the prime factors of q.
2, 3, 11
What are the prime factors of 2675 + -1 - (-12 + -3 + 20)?
17, 157
Let t = 511 + -127. What are the prime factors of t?
2, 3
Let w be 2*3/6 - -3. Suppose w*j = j + 126. What are the prime factors of (0 + 0 - -1)*j?
2, 3, 7
Let h(d) = 6*d**3 + 16*d**2 - d + 7. Let z(s) = -s**3 - 4*s**2 - s - 1. Let l(v) = h(v) + 5*z(v). Suppose -4*i = -36 + 12. List the prime factors of l(i).
2, 19
Let h(o) be the third derivative of o**6/120 + 3*o**5/20 + o**4/8 - 17*o**3/6 - 10*o**2. List the prime factors of h(-8).
23
Suppose 4*x - 4*l = 2*x + 10, -3*l = 3. Suppose 3*y - 4*i = 239, 4*y - x*i = 215 + 92. Suppose -2*h + y = 5*b, 0*b + h = -4*b + 56. List the prime factors of b.
13
Let a(b) = -b**2 - 27*b + 26. Let v be a(-13). Suppose 0 = -0*i - i - 3*z + v, -5*z - 624 = -3*i. List the prime factors of i.
2, 13
Suppose -3*m + 10*m = -651. Let i = m + 306. List the prime factors of i.
3, 71
Let b(q) = -26*q + 194. What are the prime factors of b(-51)?
2, 5, 19
Let u(f) be the first derivative of -4 - 1/3*f**3 + 9/2*f**2 + 9*f. What are the prime factors of u(8)?
17
List the prime factors of (-3)/(((-114)/1124)/19).
2, 281
Suppose 2*j = -0*j - 830. What are the prime factors of 14/(-49) - j/7?
59
Suppose 3*o - 25824 = -9*o. List the prime factors of o.
2, 269
Suppose 5*x + 2 = -2*s + 21, 4*x = s + 10. Suppose s*p + d = 18, -3*d + 17 = 4*p - 17. List the prime factors of p.
2, 5
Suppose 4*a + 3626 = 18*a. List the prime factors of a.
7, 37
Suppose 3*o - 5*l - 300 = 0, -2*l = o - 5*l - 104. Let s be ((-8)/10)/(2/(-5)). Suppose -j = s*c + c - 32, 5*j - o = -2*c. What are the prime factors of j?
17
Let z(x) = 5*x + 5. Let m be z(5). Let a be (m/(-9))/5*-3. List the prime factors of 11 + (3 - 2 - a).
2, 5
Let w(h) = -h**2 + 3*h + 17. Let q be w(5). Suppose 97 = g - q. What are the prime factors of g?
2, 13
Let d = -77 + 98. Let t(q) = 7*q - 83. List the prime factors of t(d).
2
Let o = 3016 - 399. List the prime factors of o.
2617
Suppose -5*c - t + 908 = -3*t, 3*c - t - 544 = 0. List the prime factors of c.
2, 3, 5
Let y(u) = -2 + 3*u + 968*u**2 - 965*u**2 + 3*u**3 - u. List the prime factors of y(3).
2, 7
What are the prime factors of 3 + 2 + -6 - -117?
2, 29
Suppose -15*a + 10*a = 3*c - 780, 260 = c + 2*a. What are the prime factors of c?
2, 5, 13
Let n be -2*(-6)/5 - 14/35. Suppose 2*l - 156 = n*p, 4*l + 2*p - 312 = -2*p. What are the prime factors of l?
2, 3, 13
Let z(w) = w**2 - 3*w - 5. Let m be z(5). Suppose -2*b - n + 0*n = -7, -3*b - 9 = -m*n. Suppose -b*o - c = -5*c - 26, -2*c = -6. List the prime factors of o.
19
Let u(r) = -3*r**3 - 5*r**2 - 4*r - 3. Suppose 2 = -3*j - 7. List the prime factors of u(j).
3, 5
Let v be (15456/35)/((-1)/(-5)). Suppose -9*p + v = -p. Suppose 76 - p = -5*f. List the prime factors of f.
2, 5
Let v(r) = 9*r**3 - 4*r**2 - 4*r + 1. List the prime factors of v(2).
7
Let w = -899 + 1416. List the prime factors of w.
11, 47
Let d be 3*(-2 - -1)*320/6. Let i = -89 - d. What are the prime factors of i?
71
Let x(r) = 7*r. Let l be x(5). Let j = l - 30. Suppose -3*u + 2*m + 135 = 5*m, j*u + 4*m - 230 = 0. List the prime factors of u.
2, 5
Let d(k) = -3*k**2 + k**3 - 3*k + 0 + 9*k**2 - 13 + 7. What are the prime factors of d(-6)?
2, 3
Let m = 53 + -25. Let n = 20 - m. Let s = n - -20. List the prime factors of s.
2, 3
Let k(i) = -126*i + 1. List the prime factors of k(-1).
127
Let x(q) = -q**3 + 27*q**2 - 13*q - 6. Let k be x(26). Suppose -3*u - 2*j + k = -238, -j + 380 = 2*u. What are the prime factors of u?
2, 5, 19
Let w(z) = -z**2 + 7*z + 6. Suppose -10*m = -6*m - 28. Let g be w(m). Suppose g*b - 127 - 89 = 0. What are the prime factors of b?
2, 3
Let y(u) = 7*u + 3. Let h be y(2). Suppose -5 + h = p. What are the prime factors of p?
2, 3
Suppose 2*k = -2*k + 5*o, 3*o - 27 = -3*k. Suppose -k*b + 6*b = -2, -5*f + 3*b = -51. Let y = f + 3. List the prime factors of y.
2, 3
List the prime factors of 452*11/((-440)/(-190)).
19, 113
Let a be 10/3*(-42)/35. What are the prime factors of (6*(-1)/a)/(12/296)?
37
Suppose -5*r - 3*d = 17, -d + 2 = -5*r + 1. Let o be 72/(-10)*(3 - (-63)/(-6)). Let b = o + r. List the prime factors of b.
53
Let r(a) = 16*a**3 - 4*a**2. Let g(n) = 15*n**3 - 3*n**2 - 1. Let p(h) = 3*g(h) - 2*r(h). What are the prime factors of p(2)?
97
Suppose -7*t + 4531 = -3*t - 5*n, 5*t = 5*n + 5660. What are the prime factors of t?
1129
Suppose 28 = 3*w - 20. Suppose -14*j = -w*j + 24. What are the prime factors of j?
2, 3
Let z(c) = c**3 - 25*c**2 + 57*c - 62. List the prime factors of z(23).
191
Let h(g) = -g**3 + 4*g**2 - 3*g. Let s be h(2). Suppose 0 = -4*w + 14 - s. What are the prime factors of 54 + (-10 - -3) + w?
2, 5
Let m(n) = -n**3 + 9*n**2 + 4. Let j be m(9). Let k be 57*j/24*-2. What are the prime factors of k*(-2 + 4 + -4)?
2, 19
Suppose 4*d + 5*y = 1465, 0 = -2*d + 4*y + 759 - 59. Suppose 3*l + l = d. Suppose l = 5*f - 0*f. What are the prime factors of f?
2, 3
What are the prime factors of ((-634)/(-6))/((-1)/9*-3)?
317
Suppose 5*a - 4584 = -5*d + 351, 5*d - 4*a - 4953 = 0. What are the prime factors of d?
23, 43
Let r(m) = -5*m + 13. Let a be r(-12). Let u = a - 43. List the prime factors of u.
2, 3, 5
Let l = 5671 + -1880. List the prime factors of l.
17, 223
Let f(s) = 5*s**2 - 54*s + 43. List the prime factors of f(14).
3, 89
Suppose 2*d - m = -43, d = -0*d + 3*m - 19. Let j = 100 + d. List the prime factors of j.
2, 3, 13
Let j = -16 + 7. Let l = j + 44. What are the prime factors of l?
5, 7
Let w(n) be the second derivative of 95*n**3/6 - 3*n**2/2 + n. List the prime factors of w(1).
2, 23
Let w(p) = -13*p**3 - 11*p**2 + 7*p + 67. What are the prime factors of w(-5)?
2, 691
Let z be 17/(11/110 + 2/5). Let f = z - 32. What are the prime factors of f?
2
Let d(j) = -j - 9 - 4*j + 6*j**2 + 0*j + 4*j**2. What are the prime factors of d(4)?
131
Let g(s) = -2*s + 5*s - 2*s - 5*s**3. Let x be g(-1). Suppose -4*f = -5*f - r + 24, x*r - 46 = -2*f. List the prime factors of f.
5
Let z = 1578 - 415. What are the prime factors of z?
1163
Let a(v) be the first derivative of -v**3/3 + 4*v**2 - 8*v + 1. List the prime factors of a(4).
2
Suppose 0 = -5*r + 3*q + 10, -3*r = 3*q - 2 - 4. Suppose 3*y = 5*u + r*y - 324, 0 = 5*y + 20. What are the prime factors of u?
2
Let n be (2/1)/(6/21). Let c = 118 + n. Let f = c + -71. List the prime factors of f.
2, 3
Let p(o) = -4*o**2 + o - 3*o + 2*o**2 + o + 1 + o**3. List the prime factors of p(3).
7
Let t be 24219/(-51) - 18/153. Let z = -2